[INFO] fetching crate channel-async 0.3.0-deprecated...
[INFO] checking channel-async-0.3.0-deprecated against try#72f88fc4e9458f89516a0b8b0868f3718aec5b47 for pr-74989
[INFO] extracting crate channel-async 0.3.0-deprecated into /workspace/builds/worker-3/source
[INFO] validating manifest of crates.io crate channel-async 0.3.0-deprecated on toolchain 72f88fc4e9458f89516a0b8b0868f3718aec5b47
[INFO] running `Command { std: "/workspace/cargo-home/bin/cargo" "+72f88fc4e9458f89516a0b8b0868f3718aec5b47" "read-manifest" "--manifest-path" "Cargo.toml", kill_on_drop: false }`
[INFO] started tweaking crates.io crate channel-async 0.3.0-deprecated
[INFO] finished tweaking crates.io crate channel-async 0.3.0-deprecated
[INFO] tweaked toml for crates.io crate channel-async 0.3.0-deprecated written to /workspace/builds/worker-3/source/Cargo.toml
[INFO] running `Command { std: "/workspace/cargo-home/bin/cargo" "+72f88fc4e9458f89516a0b8b0868f3718aec5b47" "generate-lockfile" "--manifest-path" "Cargo.toml" "-Zno-index-update", kill_on_drop: false }`
[INFO] running `Command { std: "/workspace/cargo-home/bin/cargo" "+72f88fc4e9458f89516a0b8b0868f3718aec5b47" "fetch" "--locked" "--manifest-path" "Cargo.toml", kill_on_drop: false }`
[INFO] running `Command { std: "docker" "create" "-v" "/var/lib/crater-agent-workspace/builds/worker-3/target:/opt/rustwide/target:rw,Z" "-v" "/var/lib/crater-agent-workspace/builds/worker-3/source:/opt/rustwide/workdir:ro,Z" "-v" "/var/lib/crater-agent-workspace/cargo-home:/opt/rustwide/cargo-home:ro,Z" "-v" "/var/lib/crater-agent-workspace/rustup-home:/opt/rustwide/rustup-home:ro,Z" "-e" "SOURCE_DIR=/opt/rustwide/workdir" "-e" "CARGO_TARGET_DIR=/opt/rustwide/target" "-e" "CARGO_HOME=/opt/rustwide/cargo-home" "-e" "RUSTUP_HOME=/opt/rustwide/rustup-home" "-w" "/opt/rustwide/workdir" "-m" "1610612736" "--user" "0:0" "--network" "none" "rustops/crates-build-env@sha256:d92eaeed33fa75130ca1ee6c8a01d1ffb62bac859dfdfb3450e3e5d1c0146529" "/opt/rustwide/cargo-home/bin/cargo" "+72f88fc4e9458f89516a0b8b0868f3718aec5b47" "metadata" "--no-deps" "--format-version=1", kill_on_drop: false }`
[INFO] [stdout] 4d1b364d071b5b5dc3d6fcbec5e32e13edcbed7e89080d293b83e5d5f6ae889e
[INFO] [stderr] WARNING: Your kernel does not support swap limit capabilities or the cgroup is not mounted. Memory limited without swap.
[INFO] running `Command { std: "docker" "start" "-a" "4d1b364d071b5b5dc3d6fcbec5e32e13edcbed7e89080d293b83e5d5f6ae889e", kill_on_drop: false }`
[INFO] running `Command { std: "docker" "inspect" "4d1b364d071b5b5dc3d6fcbec5e32e13edcbed7e89080d293b83e5d5f6ae889e", kill_on_drop: false }`
[INFO] running `Command { std: "docker" "rm" "-f" "4d1b364d071b5b5dc3d6fcbec5e32e13edcbed7e89080d293b83e5d5f6ae889e", kill_on_drop: false }`
[INFO] [stdout] 4d1b364d071b5b5dc3d6fcbec5e32e13edcbed7e89080d293b83e5d5f6ae889e
[INFO] running `Command { std: "docker" "create" "-v" "/var/lib/crater-agent-workspace/builds/worker-3/target:/opt/rustwide/target:rw,Z" "-v" "/var/lib/crater-agent-workspace/builds/worker-3/source:/opt/rustwide/workdir:ro,Z" "-v" "/var/lib/crater-agent-workspace/cargo-home:/opt/rustwide/cargo-home:ro,Z" "-v" "/var/lib/crater-agent-workspace/rustup-home:/opt/rustwide/rustup-home:ro,Z" "-e" "SOURCE_DIR=/opt/rustwide/workdir" "-e" "CARGO_TARGET_DIR=/opt/rustwide/target" "-e" "CARGO_INCREMENTAL=0" "-e" "RUST_BACKTRACE=full" "-e" "RUSTFLAGS=--cap-lints=forbid" "-e" "CARGO_HOME=/opt/rustwide/cargo-home" "-e" "RUSTUP_HOME=/opt/rustwide/rustup-home" "-w" "/opt/rustwide/workdir" "-m" "1610612736" "--user" "0:0" "--network" "none" "rustops/crates-build-env@sha256:d92eaeed33fa75130ca1ee6c8a01d1ffb62bac859dfdfb3450e3e5d1c0146529" "/opt/rustwide/cargo-home/bin/cargo" "+72f88fc4e9458f89516a0b8b0868f3718aec5b47" "check" "--frozen" "--all" "--all-targets" "--message-format=json", kill_on_drop: false }`
[INFO] [stdout] a9c43e09d83757b55e523858050ac8f290125490a6a6fb804eeb2213b8474098
[INFO] [stderr] WARNING: Your kernel does not support swap limit capabilities or the cgroup is not mounted. Memory limited without swap.
[INFO] running `Command { std: "docker" "start" "-a" "a9c43e09d83757b55e523858050ac8f290125490a6a6fb804eeb2213b8474098", kill_on_drop: false }`
[INFO] [stderr]    Compiling semver-parser v0.7.0
[INFO] [stderr]     Checking futures-io v0.3.5
[INFO] [stderr]     Checking rand_core v0.4.2
[INFO] [stderr]    Compiling failure_derive v0.1.8
[INFO] [stderr]     Checking unicode-width v0.1.8
[INFO] [stderr]     Checking crossbeam-utils v0.6.6
[INFO] [stderr]     Checking tokio v0.2.22
[INFO] [stderr]     Checking regex-automata v0.1.9
[INFO] [stderr]     Checking atty v0.2.14
[INFO] [stderr]     Checking serde_json v1.0.57
[INFO] [stderr]     Checking csv-core v0.1.10
[INFO] [stderr]    Compiling futures-macro v0.3.5
[INFO] [stderr]    Compiling serde_derive v1.0.116
[INFO] [stderr]     Checking rand_core v0.3.1
[INFO] [stderr]     Checking rand_os v0.1.3
[INFO] [stderr]    Compiling semver v0.9.0
[INFO] [stderr]     Checking textwrap v0.11.0
[INFO] [stderr]     Checking rand_xoshiro v0.1.0
[INFO] [stderr]     Checking clap v2.33.3
[INFO] [stderr]    Compiling rustc_version v0.2.3
[INFO] [stderr]     Checking bstr v0.2.13
[INFO] [stderr]     Checking crossbeam-channel v0.3.9
[INFO] [stderr]    Compiling cast v0.2.3
[INFO] [stderr]     Checking tinytemplate v1.1.0
[INFO] [stderr]     Checking criterion-plot v0.3.1
[INFO] [stderr]     Checking csv v1.1.3
[INFO] [stderr]     Checking futures-util v0.3.5
[INFO] [stderr]     Checking failure v0.1.8
[INFO] [stderr]     Checking criterion v0.2.11
[INFO] [stderr]     Checking futures-executor v0.3.5
[INFO] [stderr]     Checking futures v0.3.5
[INFO] [stderr]     Checking channel-async v0.3.0-deprecated (/opt/rustwide/workdir)
[INFO] [stdout] error[E0432]: unresolved import `tokio::timer`
[INFO] [stdout]  --> src/receiver.rs:6:12
[INFO] [stdout]   |
[INFO] [stdout] 6 | use tokio::timer::Delay;
[INFO] [stdout]   |            ^^^^^ could not find `timer` in `tokio`
[INFO] [stdout] 
[INFO] [stdout] 
[INFO] [stdout] error[E0433]: failed to resolve: could not find `timer` in `tokio`
[INFO] [stdout]   --> src/receiver.rs:42:48
[INFO] [stdout]    |
[INFO] [stdout] 42 |                         *pending = Some(tokio::timer::delay_for(*delay));
[INFO] [stdout]    |                                                ^^^^^ could not find `timer` in `tokio`
[INFO] [stdout] 
[INFO] [stdout] 
[INFO] [stdout] error[E0433]: failed to resolve: could not find `timer` in `tokio`
[INFO] [stdout]   --> src/sender.rs:26:28
[INFO] [stdout]    |
[INFO] [stdout] 26 |                     tokio::timer::delay_for(self.delay).await;
[INFO] [stdout]    |                            ^^^^^ could not find `timer` in `tokio`
[INFO] [stdout] 
[INFO] [stdout] 
[INFO] [stdout] error[E0282]: type annotations needed
[INFO] [stdout]   --> src/receiver.rs:19:22
[INFO] [stdout]    |
[INFO] [stdout] 19 |             pending: None,
[INFO] [stdout]    |                      ^^^^ cannot infer type for type parameter `T` declared on the enum `Option`
[INFO] [stdout] 
[INFO] [stdout] 
[INFO] [stdout] error[E0599]: no method named `poll` found for struct `Pin<_>` in the current scope
[INFO] [stdout]   --> src/receiver.rs:48:49
[INFO] [stdout]    |
[INFO] [stdout] 48 |                     futures::ready!(pin_pending.poll(cx));
[INFO] [stdout]    |                                                 ^^^^ method not found in `Pin<_>`
[INFO] [stdout]    |
[INFO] [stdout]    = note: `pin_pending` is a function, perhaps you wish to call it
[INFO] [stdout] 
[INFO] [stdout] 
[INFO] [stdout] warning: unused import: `std::future::Future`
[INFO] [stdout]  --> src/receiver.rs:2:5
[INFO] [stdout]   |
[INFO] [stdout] 2 | use std::future::Future;
[INFO] [stdout]   |     ^^^^^^^^^^^^^^^^^^^
[INFO] [stdout]   |
[INFO] [stdout]   = note: `#[warn(unused_imports)]` on by default
[INFO] [stdout] 
[INFO] [stdout] 
[INFO] [stdout] error: aborting due to 5 previous errors; 1 warning emitted
[INFO] [stdout] 
[INFO] [stdout] 
[INFO] [stdout] Some errors have detailed explanations: E0282, E0432, E0433, E0599.
[INFO] [stdout] 
[INFO] [stdout] For more information about an error, try `rustc --explain E0282`.
[INFO] [stdout] 
[INFO] [stderr] error: could not compile `channel-async`.
[INFO] [stderr] 
[INFO] [stderr] To learn more, run the command again with --verbose.
[INFO] [stderr] warning: build failed, waiting for other jobs to finish...
[INFO] [stderr] error: build failed
[INFO] running `Command { std: "docker" "inspect" "a9c43e09d83757b55e523858050ac8f290125490a6a6fb804eeb2213b8474098", kill_on_drop: false }`
[INFO] running `Command { std: "docker" "rm" "-f" "a9c43e09d83757b55e523858050ac8f290125490a6a6fb804eeb2213b8474098", kill_on_drop: false }`
[INFO] [stdout] a9c43e09d83757b55e523858050ac8f290125490a6a6fb804eeb2213b8474098
